40 = -4*m + h. Let k = -33 + m. What is the greatest common factor of 24 and k?
8
Let a(h) = h**3 + 6*h**2 - 10*h + 15. Let p be a(-8). Let w be p/1*-1 - 3. What is the greatest common factor of w and 40?
10
Let k(s) = 19*s - 28. Let v be k(2). Let y be (v/20 + 1/2)*4. Calculate the greatest common factor of 8 and y.
4
Let f be 2/(-3)*-6 - (12 - 313). Suppose -244 = -6*v + 2*v. What is the highest common factor of f and v?
61
Let f(b) = -5*b**3 + 599*b**2 + 130*b - 69. Let o be f(120). Calculate the greatest common factor of 312 and o.
39
Suppose 4727 - 14303 = -14*r. Calculate the greatest common factor of r and 2850.
114
Let n be -1*(-4)/6 + 98/6. Suppose -k + n - 15 = 0. Suppose -k*g - 7*c + 2*c + 20 = 0, 5*g - 50 = -3*c. What is the highest common factor of g and 20?
10
Let p(u) = -u - 3. Let n be p(-7). Suppose -n*r + 63 = 23. Suppose 30*k = 25*k + 50. Calculate the highest common divisor of r and k.
10
Let g be 3/(-18) + (-121)/(-6). Let f(a) = a**3 + 9*a**2 - 10*a + 5. Let h be f(-9). Let m = 125 - h. Calculate the highest common factor of g and m.
10
Let m(c) = -c + 64. Let y be m(19). Suppose -6*l + 3*l = -r - y, -r = -2*l + 31. Calculate the highest common factor of 84 and l.
14
Let w(r) = 17*r**2 - 1. Let p be w(-1). Let f(v) = -v**3 + 21*v**2 + 24*v + 8. Let b be f(21). Calculate the highest common factor of b and p.
16
Let i(z) = -29*z + 2. Let c be i(2). Let h = c - -93. What is the highest common factor of 74 and h?
37
Suppose 0 = 2*s + 56 - 100. Let u be ((-1)/2 - s/44)*-969. Calculate the greatest common divisor of 57 and u.
57
Let n(o) = -o**3 - 4*o**2 + 21*o + 10. Let t be n(-7). Suppose 26 - t = 2*j. What is the greatest common divisor of j and 68?
4
Let p be 3*(-525)/(50/(-2)). Suppose -f - 2 = -0*f, -66 = -4*g + 5*f. Calculate the highest common divisor of g and p.
7
Suppose -2*v + 42 = 4*y + v, -y - 4*v = -17. Let c = 1798 - 1753. Calculate the highest common divisor of y and c.
9
Suppose 30 = -y - 18. Let q be (304/y)/((-2)/6). Let k(v) = v**3 - 18*v**2 - 16*v + 3. Let c be k(q). What is the greatest common divisor of 20 and c?
20
Let s(d) = -d**2 - 98*d + 197. Let r be s(-41). Calculate the greatest common factor of r and 14.
14
Let s(m) = -1016*m + 5117. Let c be s(5). Suppose 4*v = 2*h - 884, 4*h + 2*v - 1778 = -0*v. Calculate the highest common factor of h and c.
37
Suppose 0 = -5*p - 4*n + 1634, -62*p - 650 = -64*p - n. What is the greatest common factor of p and 1050?
14
Let h(k) = -k**3 - 2*k**2 + 16*k - 4. Suppose -c = -3*w - 32, -3*c + 0*c - 34 = 4*w. Let y be h(w). What is the greatest common factor of 12 and y?
12
Suppose -16*w - 145 = -1585. What is the highest common divisor of w and 4?
2
Let m be (300/(-250))/((-3)/(-390)*-4). Suppose 2*c = -2*h - h + 92, 0 = 5*c - 2*h - 268. What is the greatest common factor of c and m?
13
Let j = 184 - 168. Let b be 6069/168 - 2/j. What is the highest common factor of b and 828?
36
Suppose 0 = -5*u - 6*a + 4*a + 2448, -3*u + 1468 = 2*a. Calculate the highest common divisor of 40 and u.
10
Let t(a) = -a**3 + 4*a**2 - 168*a + 510. Let u be t(3). What is the highest common divisor of u and 2395?
5
Suppose -y = 5*h - 20, -29 = -4*h + h - 4*y. Let r = h + 18. Suppose 0 = -3*i + 129 - r. Calculate the greatest common factor of i and 6.
6
Let x be 6/(-42) + 2*(-2)/(-28). Suppose 0 = m - 2*d + 61 - 223, x = 5*m + 5*d - 840. What is the greatest common factor of 415 and m?
83
Suppose -8*l - 1347 + 1427 = 0. What is the greatest common divisor of l and 1065?
5
Let x(s) = 2*s**3 + 333*s**2 + 162*s - 520. Let v be x(-166). Suppose -5 - 7 = -n. What is the greatest common factor of v and n?
12
Suppose 1178 = 27*l - 3925. What is the greatest common factor of l and 108?
27
Let y = -344 - -393. Suppose -4*m + y = 5. What is the greatest common divisor of 341 and m?
11
Let a(d) = 6*d**2. Let g be a(-2). Suppose 1030*m = 1033*m + 27, 3*h + m = 207. What is the greatest common factor of h and g?
24
Let c(u) = 2*u**3 + 97*u**2 - 36*u + 826. Let v be c(-49). Calculate the greatest common factor of v and 675.
27
Let r = 147 - 145. Suppose 17 = 2*d - 39. Suppose 3*q - h = 31, 0 = 3*q + q + r*h - d. Calculate the highest common factor of q and 9.
9
Let b be 2/8 - 227/(-4). Let f be (-798)/4*194/(-291). What is the greatest common factor of f and b?
19
Suppose -u + 246 = 76. Suppose -5*m - 692 = -4*h - 7*m, -h + m + u = 0. Let a = h - 82. What is the highest common factor of 10 and a?
10
Let b be (4/((-60)/39))/(8/(-40)). Suppose b*k = -3*k + 352. Suppose -5*v + 153 = 43. What is the highest common factor of v and k?
22
Suppose -4*u + 1482 = 2*i, -3*u - 2*i + 1739 = 625. What is the greatest common divisor of 3404 and u?
92
Let t(l) = 446*l - 353. Let h be t(1). Calculate the greatest common divisor of h and 1829.
31
Let m = -98 + 107. Suppose -m*p + 147 = -42. What is the greatest common factor of p and 7?
7
Let t(p) = 31*p + 54. Let f(w) = -32*w - 52. Let u(o) = -3*f(o) - 4*t(o). Let v be u(-3). What is the greatest common divisor of v and 3?
3
Let h(t) = t**2 + 26*t - 268. Let r be h(8). Suppose -73 - 74 = -v + r*k, 4*v = k + 543. Calculate the greatest common factor of 20 and v.
5
Let v be (-8)/(2/(-33)*3). Let x be 28 + 624/((-286)/11). Calculate the greatest common divisor of v and x.
4
Suppose 243 = 5*o + y, 3*y + 15 = 8*y. Suppose 3*a - 25 = 110. Suppose -3*q = 3*h - 90, -4*q = -3*h + 59 + a. Calculate the greatest common divisor of h and o.
16
Suppose -5*w - 8106 = -9*h - 14*h, 0 = -h - 2*w + 348. Calculate the highest common divisor of h and 8976.
176
Suppose -d + 273 - 83 = 0. Suppose 40 = t + 3*t. What is the highest common divisor of d and t?
10
Let s(w) = -3*w + 9. Let v be s(-8). Let l be (1764/(-15))/(-1) + 8/20. Let o = 140 - l. Calculate the greatest common divisor of v and o.
11
Suppose 6*v = 9*v, 5*c - 130 = v. Calculate the highest common divisor of c and 1313.
13
Suppose 0 = -3*r + 19 - 4. Suppose 3*h - 15 = 12. Suppose -r*i = -29 + h. Calculate the highest common factor of 16 and i.
4
Let l(k) be the first derivative of -3*k**4/2 + k**3 + 2*k**2 + 6*k - 138. Let u be l(-2). What is the highest common divisor of 522 and u?
58
Let x be (-27)/54 - 1105/(-2). Calculate the greatest common divisor of x and 46.
46
Let d be 33 + 45/((-81)/(-9)). What is the highest common divisor of d and 152?
38
Suppose 3*r - 1112 + 1055 = 0. Let i(t) = t**3 - 21*t**2 + 46*t - 8. Let w be i(r). What is the highest common factor of w and 32?
16
Let i = 132629 + -132605. Let v = 90 - 36. Calculate the greatest common divisor of i and v.
6
Let n(b) = 9*b**2 - 9*b**2 + 7*b**3 - b + 126 - 4*b**3 - 4*b**3 + 2*b**2. Suppose 0 = x + x. Let o be n(x). Calculate the greatest common factor of 84 and o.
42
Suppose -5*y = 15, -3*d + 5*y - 94 = -109. Suppose -3*n + 10 = -5. Suppose d = c + n*c - 120. What is the greatest common factor of c and 50?
10
Suppose 29*g - 32*g = -108. Suppose -3*v = 5*x - 337, 3*x = -2*v - g + 239. What is the greatest common divisor of x and 13?
13
Suppose -41*o = -25*o - 36*o + 34320. Calculate the greatest common divisor of 132 and o.
132
Suppose 5*w = -5*g + 4780, 3*g + 72 = 2*w + 2930. What is the highest common divisor of g and 72?
18
Suppose -4486 = -7*p + 3704. Suppose 2*z = 5*l - p, 0 = -20*z + 18*z. What is the highest common factor of 312 and l?
78
Suppose 904 = 3*d + 2*b - 1210, -2*b - 10 = 0. What is the highest common divisor of 8 and d?
4
Let t(w) = 74*w**2 - 293*w + 885. Let l be t(3). What is the highest common factor of 544 and l?
32
Let c be (84/168)/((2/(-588))/(-1)). Let m = -47 - -53. Let r(l) = 2*l**3 - 10*l**2 - 3*l - 5. Let h be r(m). Calculate the highest common divisor of h and c.
49
Let g = -2122 - -2130. Calculate the highest common factor of 376 and g.
8
Let d(f) = f**3 - 112*f**2 - 803*f + 266. Let u be d(119). Calculate the highest common factor of 84 and u.
28
Let f = 77 + -77. Suppose -4*t + 4*q - q - 4 = f, -4*t + 28 = 5*q. Suppose m = -2*k, 7*m = 2*m - t*k + 40. What is the highest common factor of m and 15?
5
Let p = 140 - 58. Suppose 4*c - 152 = 4*t - 0*t, 0 = -2*c - 4*t + p. Let i = -340 - -366. What is the greatest common divisor of i and c?
13
Let n(a) = 104*a**3 + 2*a**2 + 5*a - 8. Let v be n(2). Suppose 344 = 2*g + x, 0*x + 2*x = 5*g